inder when 199 is divided by 92.
15
Calculate the remainder when 96 is divided by 44.
8
Calculate the remainder when 843 is divided by 9.
6
Calculate the remainder when 2057 is divided by 42.
41
Calculate the remainder when 131 is divided by 55.
21
What is the remainder when 557 is divided by 43?
41
What is the remainder when 1437 is divided by 180?
177
Calculate the remainder when 3556 is divided by 508.
0
What is the remainder when 4900 is divided by 109?
104
Calculate the remainder when 23640 is divided by 71.
68
What is the remainder when 12 is divided by 3?
0
Calculate the remainder when 861 is divided by 6.
3
Calculate the remainder when 115 is divided by 41.
33
Calculate the remainder when 183 is divided by 40.
23
Calculate the remainder when 7037 is divided by 40.
37
What is the remainder when 207 is divided by 59?
30
Calculate the remainder when 1721 is divided by 24.
17
What is the remainder when 5779 is divided by 47?
45
Calculate the remainder when 15 is divided by 8.
7
What is the remainder when 14 is divided by 4?
2
Calculate the remainder when 432 is divided by 229.
203
Calculate the remainder when 32 is divided by 32.
0
Calculate the remainder when 50 is divided by 9.
5
Calculate the remainder when 87 is divided by 10.
7
Calculate the remainder when 227 is divided by 56.
3
What is the remainder when 3149 is divided by 19?
14
Calculate the remainder when 3042 is divided by 126.
18
What is the remainder when 606 is divided by 76?
74
Calculate the remainder when 157 is divided by 48.
13
Calculate the remainder when 2085 is divided by 72.
69
Calculate the remainder when 4913 is divided by 30.
23
Calculate the remainder when 153 is divided by 14.
13
Calculate the remainder when 15088 is divided by 6.
4
Calculate the remainder when 223 is divided by 28.
27
Calculate the remainder when 760 is divided by 40.
0
Calculate the remainder when 11305 is divided by 145.
140
What is the remainder when 87 is divided by 27?
6
Calculate the remainder when 484 is divided by 96.
4
Calculate the remainder when 335 is divided by 7.
6
What is the remainder when 3884 is divided by 24?
20
Calculate the remainder when 1574 is divided by 226.
218
What is the remainder when 833 is divided by 93?
89
Calculate the remainder when 156 is divided by 119.
37
Calculate the remainder when 160 is divided by 23.
22
What is the remainder when 238 is divided by 24?
22
What is the remainder when 109 is divided by 25?
9
What is the remainder when 329 is divided by 26?
17
Calculate the remainder when 484 is divided by 54.
52
Calculate the remainder when 16 is divided by 10.
6
Calculate the remainder when 671 is divided by 27.
23
Calculate the remainder when 2984 is divided by 103.
100
Calculate the remainder when 68 is divided by 22.
2
What is the remainder when 3854 is divided by 297?
290
What is the remainder when 73 is divided by 22?
7
What is the remainder when 711 is divided by 34?
31
What is the remainder when 2085 is divided by 161?
153
What is the remainder when 452 is divided by 57?
53
What is the remainder when 356 is divided by 315?
41
What is the remainder when 1645 is divided by 544?
13
Calculate the remainder when 1814 is divided by 308.
274
What is the remainder when 1520 is divided by 109?
103
Calculate the remainder when 7389 is divided by 88.
85
Calculate the remainder when 182 is divided by 34.
12
Calculate the remainder when 3111 is divided by 76.
71
Calculate the remainder when 4509 is divided by 110.
109
What is the remainder when 116 is divided by 20?
16
Calculate the remainder when 110 is divided by 29.
23
Calculate the remainder when 216 is divided by 88.
40
What is the remainder when 283 is divided by 17?
11
What is the remainder when 1246 is divided by 156?
154
Calculate the remainder when 283 is divided by 21.
10
Calculate the remainder when 327 is divided by 24.
15
What is the remainder when 180 is divided by 10?
0
What is the remainder when 30089 is divided by 118?
117
What is the remainder when 387 is divided by 26?
23
Calculate the remainder when 3724 is divided by 138.
136
What is the remainder when 763 is divided by 156?
139
What is the remainder when 2147 is divided by 86?
83
What is the remainder when 2261 is divided by 84?
77
Calculate the remainder when 1276 is divided by 137.
43
What is the remainder when 291 is divided by 71?
7
What is the remainder when 270 is divided by 261?
9
What is the remainder when 22 is divided by 14?
8
What is the remainder when 455 is divided by 8?
7
What is the remainder when 366 is divided by 22?
14
Calculate the remainder when 116 is divided by 39.
38
Calculate the remainder when 795 is divided by 383.
29
What is the remainder when 577 is divided by 177?
46
Calculate the remainder when 1473 is divided by 5.
3
What is the remainder when 862 is divided by 215?
2
What is the remainder when 469 is divided by 64?
21
What is the remainder when 52 is divided by 10?
2
Calculate the remainder when 226 is divided by 116.
110
What is the remainder when 6128 is divided by 26?
18
Calculate the remainder when 245 is divided by 85.
75
Calculate the remainder when 675 is divided by 320.
35
Calculate the remainder when 83 is divided by 5.
3
What is the remainder when 24 is divided by 2?
0
What is the remainder when 3419 is divided by 44?
31
Calculate the remainder when 7229 is divided by 47.
38
What is the remainder when 2 is divided by 1?
0
What is the remainder when 372 is divided by 64?
52
Calculate the remainder when 2252 is divided by 78.
68
Calculate the remainder when 1829 is divided by 30.
29
Calculate the remainder when 343 is divided by 65.
18
Calculate the remainder when 23 is divided by 20.
3
Calculate the remainder when 77 is divided by 20.
17
What is the remainder when 365 is divided by 68?
25
Calculate the remainder when 17950 is divided by 176.
174
What is the remainder when 96 is divided by 38?
20
What is the remainder when 113 is divided by 30?
23
What is the remainder when 3023 is divided by 36?
35
What is the remainder when 4228 is divided by 141?
139
Calculate the remainder when 1168 is divided by 388.
4
Calculate the remainder when 260 is divided by 85.
5
What is the remainder when 593 is divided by 27?
26
Calculate the remainder when 2047 is divided by 36.
31
Calculate the remainder when 166 is divided by 22.
12
Calculate the remainder when 1454 is divided by 381.
311
What is the remainder when 6 is divided by 6?
0
Calculate the remainder when 122 is divided by 21.
17
Calculate the remainder when 1244 is divided by 212.
184
Calculate the remainder when 17205 is divided by 72.
69
What is the remainder when 618 is divided by 27?
24
Calculate the remainder when 1929 is divided by 389.
373
What is the remainder when 255 is divided by 68?
51
What is the remainder when 622 is divided by 207?
1
What is the remainder when 45 is divided by 27?
18
What is the remainder when 452 is divided by 90?
2
Calculate the remainder when 736 is divided by 41.
39
What is the remainder when 369 is divided by 91?
5
Calculate the remainder when 398 is divided by 21.
20
Calculate the remainder when 234 is divided by 67.
33
What is the remainder when 2504 is divided by 23?
20
What is the remainder when 589 is divided by 41?
15
What is the remainder when 462 is divided by 8?
6
What is the remainder when 76 is divided by 11?
10
What is the remainder when 3102 is divided by 16?
14
Calculate the remainder when 485 is divided by 120.
5
What is the remainder when 64 is divided by 50?
14
What is the remainder when 3185 is divided by 145?
140
Calculate the remainder when 86 is divided by 40.
6
Calculate the remainder when 245 is divided by 31.
28
What is the remainder when 58 is divided by 12?
10
Calculate the remainder when 294 is divided by 107.
80
Calculate the remainder when 4654 is divided by 17.
13
What is the remainder when 1176 is divided by 169?
162
Calculate the remainder when 133 is divided by 41.
10
What is the remainder when 36 is divided by 22?
14
What is the remainder when 357 is divided by 41?
29
What is the remainder when 1463 is divided by 94?
53
What is the remainder when 222 is divided by 54?
6
Calculate the remainder when 692 is divided by 7.
6
What is the remainder when 25 is divided by 6?
1
Calculate the